[INFO] cloning repository https://github.com/reesmanp/evil_penguin_2
[INFO] running `Command { std: "git" "-c" "credential.helper=" "-c" "credential.helper=/workspace/cargo-home/bin/git-credential-null" "clone" "--bare" "https://github.com/reesmanp/evil_penguin_2" "/workspace/cache/git-repos/https%3A%2F%2Fgithub.com%2Freesmanp%2Fevil_penguin_2", kill_on_drop: false }`
[INFO] [stderr] Cloning into bare repository '/workspace/cache/git-repos/https%3A%2F%2Fgithub.com%2Freesmanp%2Fevil_penguin_2'...
[INFO] running `Command { std: "git" "rev-parse" "HEAD", kill_on_drop: false }`
[INFO] [stdout] 38e20619dcaa2e60ab2f1f4376c545816b51463f
[INFO] building reesmanp/evil_penguin_2 against master#ff34b919075f35a1787659e9c448a34b06bab8de for issue-85264
[INFO] running `Command { std: "git" "clone" "/workspace/cache/git-repos/https%3A%2F%2Fgithub.com%2Freesmanp%2Fevil_penguin_2" "/workspace/builds/worker-13/source", kill_on_drop: false }`
[INFO] [stderr] Cloning into '/workspace/builds/worker-13/source'...
[INFO] [stderr] done.
[INFO] validating manifest of git repo https://github.com/reesmanp/evil_penguin_2 on toolchain ff34b919075f35a1787659e9c448a34b06bab8de
[INFO] running `Command { std: "/workspace/cargo-home/bin/cargo" "+ff34b919075f35a1787659e9c448a34b06bab8de" "metadata" "--manifest-path" "Cargo.toml" "--no-deps", kill_on_drop: false }`
[INFO] started tweaking git repo https://github.com/reesmanp/evil_penguin_2
[INFO] finished tweaking git repo https://github.com/reesmanp/evil_penguin_2
[INFO] tweaked toml for git repo https://github.com/reesmanp/evil_penguin_2 written to /workspace/builds/worker-13/source/Cargo.toml
[INFO] crate git repo https://github.com/reesmanp/evil_penguin_2 already has a lockfile, it will not be regenerated
[INFO] running `Command { std: "/workspace/cargo-home/bin/cargo" "+ff34b919075f35a1787659e9c448a34b06bab8de" "fetch" "--manifest-path" "Cargo.toml", kill_on_drop: false }`
[INFO] [stderr]     Blocking waiting for file lock on package cache
[INFO] [stderr]     Blocking waiting for file lock on package cache
[INFO] running `Command { std: "docker" "create" "-v" "/var/lib/crater-agent-workspace/builds/worker-13/target:/opt/rustwide/target:rw,Z" "-v" "/var/lib/crater-agent-workspace/builds/worker-13/source:/opt/rustwide/workdir:ro,Z" "-v" "/var/lib/crater-agent-workspace/cargo-home:/opt/rustwide/cargo-home:ro,Z" "-v" "/var/lib/crater-agent-workspace/rustup-home:/opt/rustwide/rustup-home:ro,Z" "-e" "SOURCE_DIR=/opt/rustwide/workdir" "-e" "CARGO_TARGET_DIR=/opt/rustwide/target" "-e" "CARGO_HOME=/opt/rustwide/cargo-home" "-e" "RUSTUP_HOME=/opt/rustwide/rustup-home" "-w" "/opt/rustwide/workdir" "-m" "1610612736" "--user" "0:0" "--network" "none" "ghcr.io/rust-lang/crates-build-env/linux@sha256:20528e8c29e4536546f0102ce88568b16ea7538393a33fcca951030f7af10457" "/opt/rustwide/cargo-home/bin/cargo" "+ff34b919075f35a1787659e9c448a34b06bab8de" "metadata" "--no-deps" "--format-version=1", kill_on_drop: false }`
[INFO] [stdout] 71c1f22d267a4e2bde8ec7c8b9962bde4225243044238ad261a1f9f72372237c
[INFO] [stderr] WARNING: Your kernel does not support swap limit capabilities or the cgroup is not mounted. Memory limited without swap.
[INFO] running `Command { std: "docker" "start" "-a" "71c1f22d267a4e2bde8ec7c8b9962bde4225243044238ad261a1f9f72372237c", kill_on_drop: false }`
[INFO] running `Command { std: "docker" "inspect" "71c1f22d267a4e2bde8ec7c8b9962bde4225243044238ad261a1f9f72372237c", kill_on_drop: false }`
[INFO] running `Command { std: "docker" "rm" "-f" "71c1f22d267a4e2bde8ec7c8b9962bde4225243044238ad261a1f9f72372237c", kill_on_drop: false }`
[INFO] [stdout] 71c1f22d267a4e2bde8ec7c8b9962bde4225243044238ad261a1f9f72372237c
[INFO] running `Command { std: "docker" "create" "-v" "/var/lib/crater-agent-workspace/builds/worker-13/target:/opt/rustwide/target:rw,Z" "-v" "/var/lib/crater-agent-workspace/builds/worker-13/source:/opt/rustwide/workdir:ro,Z" "-v" "/var/lib/crater-agent-workspace/cargo-home:/opt/rustwide/cargo-home:ro,Z" "-v" "/var/lib/crater-agent-workspace/rustup-home:/opt/rustwide/rustup-home:ro,Z" "-e" "SOURCE_DIR=/opt/rustwide/workdir" "-e" "CARGO_TARGET_DIR=/opt/rustwide/target" "-e" "CARGO_INCREMENTAL=0" "-e" "RUST_BACKTRACE=full" "-e" "RUSTFLAGS=--cap-lints=forbid" "-e" "CARGO_HOME=/opt/rustwide/cargo-home" "-e" "RUSTUP_HOME=/opt/rustwide/rustup-home" "-w" "/opt/rustwide/workdir" "-m" "1610612736" "--user" "0:0" "--network" "none" "ghcr.io/rust-lang/crates-build-env/linux@sha256:20528e8c29e4536546f0102ce88568b16ea7538393a33fcca951030f7af10457" "/opt/rustwide/cargo-home/bin/cargo" "+ff34b919075f35a1787659e9c448a34b06bab8de" "build" "--frozen" "--message-format=json", kill_on_drop: false }`
[INFO] [stdout] ba48891991d4db7c21b06385b6baac07a6e30f78252b6a3f76f6ebd2f427853c
[INFO] [stderr] WARNING: Your kernel does not support swap limit capabilities or the cgroup is not mounted. Memory limited without swap.
[INFO] running `Command { std: "docker" "start" "-a" "ba48891991d4db7c21b06385b6baac07a6e30f78252b6a3f76f6ebd2f427853c", kill_on_drop: false }`
[INFO] [stderr]    Compiling libc v0.2.71
[INFO] [stderr]    Compiling syn v1.0.30
[INFO] [stderr]    Compiling serde v1.0.113
[INFO] [stderr]    Compiling log v0.4.8
[INFO] [stderr]    Compiling const-concat v0.1.1 (https://github.com/reesmanp/const-concat#1d2339c1)
[INFO] [stderr]    Compiling proc-macro2 v1.0.18
[INFO] [stdout] error[E0658]: trait bounds other than `Sized` on const fn parameters are unstable
[INFO] [stdout]   --> /opt/rustwide/cargo-home/git/checkouts/const-concat-fde51134b3861d5b/1d2339c/src/lib.rs:17:28
[INFO] [stdout]    |
[INFO] [stdout] 17 | pub const unsafe fn concat<First, Second, Out>(a: &[u8], b: &[u8]) -> Out
[INFO] [stdout]    |                            ^^^^^
[INFO] [stdout]    |
[INFO] [stdout]    = note: see issue #57563 <https://github.com/rust-lang/rust/issues/57563> for more information
[INFO] [stdout]    = help: add `#![feature(const_fn_trait_bound)]` to the crate attributes to enable
[INFO] [stdout] 
[INFO] [stdout] 
[INFO] [stdout] error[E0658]: trait bounds other than `Sized` on const fn parameters are unstable
[INFO] [stdout]   --> /opt/rustwide/cargo-home/git/checkouts/const-concat-fde51134b3861d5b/1d2339c/src/lib.rs:17:35
[INFO] [stdout]    |
[INFO] [stdout] 17 | pub const unsafe fn concat<First, Second, Out>(a: &[u8], b: &[u8]) -> Out
[INFO] [stdout]    |                                   ^^^^^^
[INFO] [stdout]    |
[INFO] [stdout]    = note: see issue #57563 <https://github.com/rust-lang/rust/issues/57563> for more information
[INFO] [stdout]    = help: add `#![feature(const_fn_trait_bound)]` to the crate attributes to enable
[INFO] [stdout] 
[INFO] [stdout] 
[INFO] [stdout] error[E0658]: trait bounds other than `Sized` on const fn parameters are unstable
[INFO] [stdout]   --> /opt/rustwide/cargo-home/git/checkouts/const-concat-fde51134b3861d5b/1d2339c/src/lib.rs:17:43
[INFO] [stdout]    |
[INFO] [stdout] 17 | pub const unsafe fn concat<First, Second, Out>(a: &[u8], b: &[u8]) -> Out
[INFO] [stdout]    |                                           ^^^
[INFO] [stdout]    |
[INFO] [stdout]    = note: see issue #57563 <https://github.com/rust-lang/rust/issues/57563> for more information
[INFO] [stdout]    = help: add `#![feature(const_fn_trait_bound)]` to the crate attributes to enable
[INFO] [stdout] 
[INFO] [stdout] 
[INFO] [stdout] error: aborting due to 3 previous errors
[INFO] [stdout] 
[INFO] [stdout] 
[INFO] [stdout] For more information about this error, try `rustc --explain E0658`.
[INFO] [stdout] 
[INFO] [stderr] error: could not compile `const-concat`
[INFO] [stderr] 
[INFO] [stderr] To learn more, run the command again with --verbose.
[INFO] [stderr] warning: build failed, waiting for other jobs to finish...
[INFO] [stderr] error: build failed
[INFO] running `Command { std: "docker" "inspect" "ba48891991d4db7c21b06385b6baac07a6e30f78252b6a3f76f6ebd2f427853c", kill_on_drop: false }`
[INFO] running `Command { std: "docker" "rm" "-f" "ba48891991d4db7c21b06385b6baac07a6e30f78252b6a3f76f6ebd2f427853c", kill_on_drop: false }`
[INFO] [stdout] ba48891991d4db7c21b06385b6baac07a6e30f78252b6a3f76f6ebd2f427853c
